hundreds digit of m(10)?
1
What is the units digit of (-1083967)/(-184) + (-4)/32?
1
Let p = 11425 - 5112. What is the thousands digit of p?
6
Suppose 0 = -3*o + 11*o - 8. Let l be 1*(o + 1 + 3). Suppose -201 = -l*i - 56. What is the tens digit of i?
2
Suppose 8*w - 10*w = 6, i - 4555 = -w. What is the tens digit of i?
5
Let y be (-45)/(-2)*(-8 + 32/24). What is the tens digit of 1106/2 + y/(-25)?
5
Let p = -20930 + 42796. What is the tens digit of p?
6
Let b = -6545 - -9238. Let w = b + -1336. What is the thousands digit of w?
1
Let x(v) = 1792*v**2 + 17*v - 61. What is the thousands digit of x(6)?
4
Suppose 25929 = 4*w + 5*a + 1578, -3*a + 6079 = w. What is the units digit of w?
4
Let u(m) = 22 - 2*m**2 + m**3 + 0*m**2 - 30 - 3*m**2 - 4*m. Let z be u(6). Let p(f) = 18*f - 8. What is the units digit of p(z)?
4
Let c(n) = -n**3 - 19*n**2 + 20*n + 3. Suppose 0 = 6*p + 87 + 33. Let d be c(p). Suppose 3*s + 17*u - 15*u = 317, 423 = 4*s + d*u. What is the tens digit of s?
0
Suppose 58*s = 332*s - 13340512. What is the tens digit of s?
8
Let s(o) = -o**2 + 7*o - 11. Let k be s(5). Let b be (-8)/(66/45 + k)*-28. Suppose 9 = 3*a, 0 = q + 2*q - 4*a - b. What is the hundreds digit of q?
1
What is the ten thousands digit of 4 + 9 + 50565 + (-5 - -14)?
5
Suppose 0 = 2*g + 4*q - 7226, -3*q - 10839 = -3*g - 8*q. Suppose -7*l - 2*m = -12*l + g, 2143 = 3*l + 5*m. What is the units digit of l?
1
Suppose -8181 = -z + 4*y, -z + 8*y + 8188 = 11*y. What is the hundreds digit of z?
1
Let f be (-8)/(24/(-9)) + 7. Suppose f*p - 7985 = 5*p - 5*m, -4*m = -3*p + 4805. What is the units digit of p?
9
Suppose -k + 21*y + 12595 = 23*y, 0 = 5*k + 2*y - 62951. What is the hundreds digit of k?
5
Suppose 3182 + 3968 = 24*q + 31*q. What is the hundreds digit of q?
1
Let b be -5051 - (4 - (-5 - -12)). Let v = -3588 - b. What is the thousands digit of v?
1
Let p(s) be the third derivative of 43*s**4/24 - 31*s**3/2 - 30*s**2. What is the hundreds digit of p(17)?
6
Let i = -12507 + 21024. What is the units digit of i?
7
What is the hundreds digit of (((-9)/18)/((-12)/24008))/((-8)/(-240))?
0
Let o(l) be the first derivative of -4*l**3/3 + l**2/2 + 4*l + 4. Let r be o(0). Suppose r*v + 3*c = 331, 0*c - 4*c + 178 = 2*v. What is the tens digit of v?
7
Let j = -4546 - -4638. What is the tens digit of j?
9
Suppose 4*i - 240 = -4*p, -i + 114 = 2*p + 4*i. Let a = p - 57. Suppose 372 + 233 = a*y. What is the hundreds digit of y?
1
Let m(p) = -14*p**2 + p + 2. Let a be m(2). Let f = 53 + a. What is the hundreds digit of 2 - 3 - ((-226)/2 - f)?
1
Suppose -4*s = -7*s + 2931. Let u = -235 - -248. Suppose 0 = u*m - s + 314. What is the tens digit of m?
5
Let z(p) = -3*p**3 - 11*p**2 - 9*p + 9. Let a be z(-7). Let d be a/4 + 21/(-6) + 2. Suppose 7*w - 148 = d. What is the units digit of w?
1
Suppose -5*c + 3*h = 321, 0*h = -4*h + 8. Let u = 70 + c. Suppose 672 = u*r - 420. What is the tens digit of r?
5
Let w = 68492 + -31880. Suppose -22*v + 58*v = w. What is the tens digit of v?
1
Suppose -2*a + 3*c = 37, 0 = -3*a - 0*c - c - 72. Let p(o) = -o**3 - 22*o**2 + 14*o + 41. What is the units digit of p(a)?
8
Let v be 36/(-2 - (-21)/6). Suppose 27*x = v*x + 318. What is the tens digit of (x*5/(-40))/(2/(-16))?
0
Let r = -355 + 1861. What is the units digit of r?
6
Let a = 19 - 24. Let z = a - -7. Suppose 536 = z*s + 2*s + 5*x, -5*s = -3*x - 670. What is the units digit of s?
4
Suppose -6*r + 3*r = 1023. Suppose 24*h + 30*h - 30186 = 0. Let c = r + h. What is the tens digit of c?
1
Let k(p) = -96*p + 50*p + 48*p + 17*p**2 - 13. What is the units digit of k(-5)?
2
Let q = -11902 - -16999. What is the hundreds digit of q?
0
Let y(x) = x**2 - 3. Let f(a) = -a**3 - 2*a**2 - 2*a. Let t be f(-1). Let v be 2*5/10 + t. What is the units digit of y(v)?
1
Let h be 35/7*-1 + 4. What is the hundreds digit of 130*(h + (-133)/(-35))?
3
Let w be ((-118)/8)/(2/(-16)). Let r(y) = -w*y + 3 - 5 + 125*y + 4. What is the units digit of r(13)?
3
What is the hundreds digit of 7 - 162/9 - -7751?
7
Let i be 5/(4/8*2). Suppose i*n = 11 + 4. Suppose 139 = 2*d - n. What is the units digit of d?
1
Let m be (-369 - 15)*(54/(-4))/3. Suppose 472*w = 466*w + m. What is the hundreds digit of w?
2
Suppose 2*m - 22*q = -23*q + 5344, 2*m - 5380 = 5*q. What is the hundreds digit of m?
6
Suppose 2*y + 5*i - 15135 - 24118 = 0, 19630 = y + 2*i. What is the hundreds digit of y?
6
Suppose 11*y = -0*y + 25685. Let w = -1434 + y. What is the tens digit of w?
0
Suppose 3*y + 21655 = -3*a + 149947, -2*y = a - 85526. What is the units digit of y?
2
Let n(c) = -c - 12. Let m be n(-27). What is the units digit of (3/(-5))/(-1)*5*m?
5
Suppose 35*o - 268*o + 972542 = 0. What is the tens digit of o?
7
Let m(i) = 5*i**2 - 23*i + 4. Let p be m(5). Suppose -2*t = -p*t + 11976. What is the hundreds digit of t?
9
Suppose -l + 4*o = -4*l, -l - 4*o = 0. Let f be l/(-1 + 1 - 4/4). Suppose f = -0*t + 2*t - 160. What is the units digit of t?
0
Let x(t) = -2311*t + 159. What is the thousands digit of x(-2)?
4
Let y(r) = -6 - 26 + 3*r - 2*r - 3*r. Let l be y(-16). Let t = 28 - l. What is the units digit of t?
8
Let o be 655 + -4 + 6 + -1. What is the hundreds digit of -4 + o + (-10 - -13)?
6
Suppose 2*v = 4*z + 10, 0 = 3*v - 4*v - z + 2. Suppose q - 3*n = 25, -n - v*n = 0. Suppose -3*k + q = 2*k, 3*a - 212 = -4*k. What is the units digit of a?
4
Suppose -17*c + 1971 + 8739 = 0. Let s = c - 352. What is the tens digit of s?
7
Let f(s) = -s**3 + 20*s**2 + 80*s + 326. What is the tens digit of f(-20)?
2
Suppose -i + 0 - 1 = 0, -i = -2*u + 55963. What is the hundreds digit of u?
9
Suppose -15*r = -136 - 299. Let a(m) = -14 + r*m - m**2 + 12*m - 29*m. What is the units digit of a(10)?
6
Let o be 2/(-19) + 2*(-864)/(-171). Let k(t) = t**3 - 8*t**2 + 25. What is the tens digit of k(o)?
2
What is the thousands digit of (60376 - -2)/6 - (-5 + 6)?
0
Suppose 14 = 2*z - 5*b, 4 = -5*z - 3*b + 39. Suppose 4*r - 23 = -x, -5*x - r = -0*x - 172. Let i = x - z. What is the units digit of i?
8
Let a(z) = -4*z**3 - 45*z**2 - 15*z + 10. Suppose -j - 21 = -5*q, 8*q = 6*q + 4. What is the tens digit of a(j)?
5
Let o(p) = 14*p**2 - 6*p + 4. Let z be o(5). Let d be 5/2*(0 - -202). Let s = d - z. What is the hundreds digit of s?
1
Let c be 4462*(14/(-4) + -1). What is the tens digit of 3/24 - c/72?
7
Suppose -3*z = g - 3179 - 2482, z - 22578 = -4*g. What is the tens digit of g?
4
Suppose 2*r + 38 = -a, 5*r - 4*a - 25 = -94. Let u = r - -1. What is the units digit of (8/u)/(2/(-332))?
3
Suppose 2*z + 4*q = -24, -2*q - 36 = -0*z + 5*z. Let c be (4/z)/(2*1/(-6)). Suppose -2*l - 10 = -4*n, -c*n + 1 + 9 = 4*l. What is the units digit of n?
3
Suppose -2*q - 3*q - 5 = -3*t, -q - 35 = -4*t. What is the units digit of 2 + (-145)/t*-14?
5
Let o = -171 - -466. What is the units digit of 3/(-1)*1 + o?
2
Let c be (2 - (-620)/16) + (-3)/(-12). Let r = 294 - c. Suppose 0 = 3*o + 73 - r. What is the units digit of o?
0
Let n(z) = z**3 + 38*z**2 - 71*z + 237. What is the tens digit of n(-25)?
3
Let x(l) be the second derivative of l**4/12 + 7*l**3/2 - 7*l**2/2 + 9*l. Let y be x(-20). Let m = y + 68. What is the tens digit of m?
4
Let y be (-32)/(-3)*(-1 - (-1)/(-2)). Let n be -53 - (y/(-9) + 6/27). Let b = -6 - n. What is the units digit of b?
9
Suppose -8*s + 165*x + 155088 = 169*x, -96951 = -5*s + x. What is the tens digit of s?
8
Let r(i) = -i**2 + 7*i + 26. Let n = 12 - 2. Let f be r(n). What is the units digit of (-1*(-2)/f)/((-3)/1206)?
1
Suppose 0 = 216*l - 197*l - 10730 - 22900. What is the tens digit of l?
7
Let z(i) = -2*i + 23. Let v be z(-6). Suppose -v*r = -33*r - 12. Suppose 5*h + 145 = r*h. What is the hundreds digit of h?
1
Let c be -7 + (-4)/(16/428). Let w = 209 + c. What is the units digit of w?
5
Suppose 7*y + 2*y = 3*y. What is the units digit of 323 + -2 + (-6)/(-36)*y?
1
Let w(v) = v**3 + 8*v**2 + 3*v - 2. Let u be w(-6). Let o be (u/(-8) - -6)*8/2. What is the tens digit of ((-1)/o)/(9474/3156 + -3)?
6
Suppose -2*v + 30 = 5*b, 0 = -2*b - 3*b + 3*v + 5. What is the tens digit of (b + (-8040)/(-42))/(3/14)?
1
Suppose 70*q + 12*q = 672114 + 19474. What is the tens digit of q?
3
Let i(l) = -31*l**3 - 11*l**2 - 18*l - 136. What is the ten thousands digit of i(-9)?
2
Suppose -k + 31